 of 1114713?
3, 211, 587
List the prime factors of 279452.
2, 19, 3677
List the prime factors of 403713.
3, 31, 1447
What are the prime factors of 3497448?
2, 3, 43, 3389
List the prime factors of 8305821.
3, 41, 61
What are the prime factors of 10738009?
2161, 4969
What are the prime factors of 763756?
2, 7, 27277
What are the prime factors of 1872817?
1872817
What are the prime factors of 1010807?
7, 197, 733
List the prime factors of 4467687.
3, 7, 79, 2693
What are the prime factors of 888378?
2, 3, 148063
What are the prime factors of 6682725?
3, 5, 7, 4243
List the prime factors of 222452.
2, 19, 2927
List the prime factors of 662913.
3, 73, 1009
List the prime factors of 15594628.
2, 7, 241, 2311
List the prime factors of 3542524.
2, 29, 30539
What are the prime factors of 263146?
2, 13, 29, 349
List the prime factors of 549877.
549877
List the prime factors of 3080184.
2, 3, 128341
List the prime factors of 841594.
2, 13, 32369
List the prime factors of 556631.
17, 137, 239
What are the prime factors of 101990?
2, 5, 7, 31, 47
What are the prime factors of 4612793?
4612793
What are the prime factors of 7064201?
7064201
What are the prime factors of 379623?
3, 126541
List the prime factors of 7612655.
5, 23, 53, 1249
What are the prime factors of 9142787?
17, 537811
List the prime factors of 6387245.
5, 1277449
List the prime factors of 694929.
3, 231643
List the prime factors of 956695.
5, 191339
What are the prime factors of 32677?
41, 797
List the prime factors of 96628.
2, 7, 17, 29
List the prime factors of 63459.
3, 11, 641
What are the prime factors of 16904?
2, 2113
What are the prime factors of 3146415?
3, 5, 47, 4463
What are the prime factors of 235075?
5, 9403
What are the prime factors of 289667?
7, 41381
List the prime factors of 671516.
2, 167879
List the prime factors of 6922547.
6922547
What are the prime factors of 18033310?
2, 5, 137, 13163
What are the prime factors of 2901763?
83, 34961
What are the prime factors of 58360?
2, 5, 1459
List the prime factors of 6298489.
523, 12043
What are the prime factors of 174443?
174443
List the prime factors of 1266128.
2, 79133
What are the prime factors of 109691?
229, 479
List the prime factors of 97735.
5, 11, 1777
List the prime factors of 315544.
2, 39443
List the prime factors of 6550996.
2, 79, 20731
List the prime factors of 326584.
2, 40823
What are the prime factors of 345124?
2, 13, 6637
List the prime factors of 33046.
2, 13, 31, 41
What are the prime factors of 501099?
3, 167033
What are the prime factors of 287872?
2, 13, 173
List the prime factors of 60408.
2, 3, 839
List the prime factors of 256157.
11, 29, 73
What are the prime factors of 12202867?
61, 251, 797
List the prime factors of 14001644.
2, 59, 79, 751
What are the prime factors of 3381473?
3381473
What are the prime factors of 1737639?
3, 139, 463
List the prime factors of 310003.
151, 2053
List the prime factors of 9146839.
13, 491, 1433
What are the prime factors of 27339?
3, 13, 701
List the prime factors of 18957579.
3, 37, 233, 733
What are the prime factors of 82976?
2, 2593
List the prime factors of 2413839.
3, 804613
List the prime factors of 2917003.
2917003
List the prime factors of 968946.
2, 3, 11, 53, 277
What are the prime factors of 1127663?
1127663
List the prime factors of 111174.
2, 3, 7, 2647
List the prime factors of 135823.
71, 1913
What are the prime factors of 6790146?
2, 3, 11, 102881
List the prime factors of 6928519.
13, 449, 1187
List the prime factors of 17384217.
3, 17, 20051
What are the prime factors of 3812194?
2, 31, 61487
List the prime factors of 9698305.
5, 313, 6197
List the prime factors of 10377566.
2, 197, 26339
List the prime factors of 255357.
3, 17, 1669
What are the prime factors of 4374498?
2, 3, 661, 1103
What are the prime factors of 7782772?
2, 853, 2281
What are the prime factors of 20574801?
3, 13, 175853
What are the prime factors of 6842?
2, 11, 311
What are the prime factors of 352086?
2, 3, 7, 83, 101
What are the prime factors of 14679362?
2, 19, 386299
What are the prime factors of 259260?
2, 3, 5, 29, 149
List the prime factors of 258064.
2, 127
What are the prime factors of 3398600?
2, 5, 16993
What are the prime factors of 12717019?
7, 259531
List the prime factors of 269554.
2, 134777
List the prime factors of 31962232.
2, 3995279
What are the prime factors of 590457?
3, 7, 31, 907
What are the prime factors of 684650?
2, 5, 13693
What are the prime factors of 1426807?
1426807
List the prime factors of 5553858.
2, 3, 79, 11717
List the prime factors of 14362297.
17, 844841
What are the prime factors of 576002?
2, 7, 41143
What are the prime factors of 7131760?
2, 5, 239, 373
What are the prime factors of 194149?
194149
What are the prime factors of 244714?
2, 31, 3947
What are the prime factors of 78998?
2, 39499
List the prime factors of 24092034.
2, 3, 4015339
List the prime factors of 27112342.
2, 37, 366383
What are the prime factors of 15033075?
3, 5, 227, 883
List the prime factors of 823339.
11, 29, 89
List the prime factors of 8461367.
59, 143413
What are the prime factors of 3879617?
7, 23, 24097
What are the prime factors of 360753?
3, 19, 6329
What are the prime factors of 22693271?
31, 732041
What are the prime factors of 72139?
72139
List the prime factors of 890134.
2, 7, 31, 293
What are the prime factors of 104732?
2, 26183
List the prime factors of 757805.
5, 151561
What are the prime factors of 550619?
641, 859
List the prime factors of 302535.
3, 5, 83
What are the prime factors of 201235?
5, 167, 241
List the prime factors of 122572.
2, 30643
List the prime factors of 1989095.
5, 83, 4793
What are the prime factors of 430364?
2, 11, 9781
List the prime factors of 1128760.
2, 5, 28219
List the prime factors of 3569334.
2, 3, 594889
What are the prime factors of 12975484?
2, 31, 269, 389
List the prime factors of 11087833.
1091, 10163
List the prime factors of 2392791.
3, 53, 101, 149
What are the prime factors of 843172?
2, 11, 19163
List the prime factors of 5788254.
2, 3, 59, 83, 197
What are the prime factors of 198841?
198841
List the prime factors of 224562.
2, 3, 13, 2879
What are the prime factors of 1118622?
2, 3, 186437
What are the prime factors of 6472628?
2, 79, 20483
List the prime factors of 598947.
3, 43, 4643
What are the prime factors of 11851111?
29, 408659
List the prime factors of 333173.
59, 5647
What are the prime factors of 23882029?
23882029
List the prime factors of 130897.
13, 10069
List the prime factors of 13453.
11, 1223
What are the prime factors of 403787?
403787
What are the prime factors of 2369763?
3, 11, 79, 101
What are the prime factors of 1115097?
3, 371699
What are the prime factors of 1957179?
3, 7, 93199
List the prime factors of 1155330.
2, 3, 5, 11, 389
List the prime factors of 252215.
5, 73, 691
What are the prime factors of 644802?
2, 3, 107467
List the prime factors of 237365.
5, 29, 1637
What are the prime factors of 7399723?
7399723
What are the prime factors of 3691541?
7, 157, 3359
What are the prime factors of 630801?
3, 61, 383
What are the prime factors of 18437231?
17, 1084543
What are the prime factors of 392745?
3, 5, 26183
What are the prime factors of 15635085?
3, 5, 523, 1993
What are the prime factors of 294451?
277, 1063
What are the prime factors of 1066301?
29, 83, 443
What are the prime factors of 1245549?
3, 31, 59, 227
What are the prime factors of 710169?
3, 236723
What are the prime factors of 17873933?
7, 11, 232129
List the prime factors of 12781056.
2, 3, 53, 157
List the prime factors of 1498699.
173, 8663
List the prime factors of 426071.
17, 71, 353
What are the prime factors of 6153237?
3, 683693
List the prime factors of 269788.
2, 67447
What are the prime factors of 177357?
3, 59119
What are the prime factors of 13993157?
13993157
List the prime factors of 78024.
2, 3, 3251
List the prime factors of 145872.
2, 3, 1013
List the prime factors of 333167.
317, 1051
List the prime factors of 12383745.
3, 5, 11, 6823
What are the prime factors of 839496?
2, 3, 7, 19, 263
What are the prime factors of 3116111?
3116111
List the prime factors of 1356154.
2, 678077
What are the prime factors of 1137858?
2, 3, 189643
What are the prime factors of 315867